032
In base 9, what is -1657 + 0?
-1657
In base 11, what is -5 - 28?
-32
In base 15, what is 4582 - -3?
4585
In base 15, what is -2 - d6?
-d8
In base 9, what is 3720 + -5?
3714
In base 14, what is 50 - 4?
4a
In base 10, what is 11122 + -5?
11117
In base 13, what is c + -432?
-423
In base 3, what is -100112 + -1?
-100120
In base 9, what is -607 - 1?
-608
In base 2, what is -1011100 + -10?
-1011110
In base 14, what is -1 + 52b?
52a
In base 4, what is -122 + 20?
-102
In base 14, what is 3 - -1?
4
In base 16, what is 1cc - -1?
1cd
In base 3, what is -11 - -2102?
2021
In base 5, what is 101 - -441?
1042
In base 10, what is 1 + -1458?
-1457
In base 3, what is 22101 + -10?
22021
In base 6, what is 3412 + 3?
3415
In base 7, what is -10 - 1632?
-1642
In base 12, what is -97 + 0?
-97
In base 9, what is -118 + 14?
-104
In base 16, what is 11 - 3?
e
In base 16, what is 1cc + -4c?
180
In base 14, what is c + 60?
6c
In base 12, what is -5 - -b81?
b78
In base 6, what is 5 + -13035?
-13030
In base 11, what is -5 + a7?
a2
In base 13, what is -1 - 77c?
-780
In base 7, what is -162 - -50?
-112
In base 10, what is -13390 - -5?
-13385
In base 15, what is -1e6 + -2?
-1e8
In base 16, what is -15 - -34?
1f
In base 12, what is -3 - 508?
-50b
In base 15, what is 3 + 63?
66
In base 11, what is 9 + -9?
0
In base 6, what is 1 - 0?
1
In base 7, what is -426 - 24?
-453
In base 16, what is -a6 + -2?
-a8
In base 11, what is -1629 + -1?
-162a
In base 12, what is -28a - -3?
-287
In base 16, what is -84c - -2?
-84a
In base 7, what is -6 - -65?
56
In base 15, what is 297 - 0?
297
In base 2, what is 101000011 + 1000?
101001011
In base 7, what is -42 + -5?
-50
In base 2, what is -10 - 11001010?
-11001100
In base 13, what is 6 + 9?
12
In base 15, what is -465 - -3?
-462
In base 4, what is -111 + -1212?
-1323
In base 10, what is -1 + -744?
-745
In base 10, what is -14 + 8?
-6
In base 12, what is -88 - -4?
-84
In base 5, what is 30 + -121?
-41
In base 2, what is 100 - -111111011?
111111111
In base 10, what is -5 + -9?
-14
In base 10, what is -5 + -30?
-35
In base 6, what is -30002 - -3?
-25555
In base 8, what is -1567 + -2?
-1571
In base 2, what is 10000 + -1111?
1
In base 13, what is -5 + -17?
-1c
In base 6, what is -205 + 1?
-204
In base 4, what is -132 - -200?
2
In base 8, what is -174 - -2?
-172
In base 9, what is 2 + -2?
0
In base 8, what is 4324 - 22?
4302
In base 10, what is 52 + 31?
83
In base 13, what is -24a - 1?
-24b
In base 6, what is -13043 - 14?
-13101
In base 5, what is -2 + -421?
-423
In base 2, what is 1000 + -11000?
-10000
In base 6, what is -2503 + -51?
-2554
In base 3, what is -2 - 2002?
-2011
In base 11, what is -281 + -6?
-287
In base 6, what is -112 - -4?
-104
In base 8, what is 17 - 2?
15
In base 10, what is -6 + -1246?
-1252
In base 12, what is 35 - 9?
28
In base 9, what is -4 - 32?
-36
In base 8, what is -5 + -131?
-136
In base 2, what is 1010 - 110001010110?
-110001001100
In base 8, what is -14 + -321?
-335
In base 6, what is 51 - 10?
41
In base 2, what is -10001110 + -1101100?
-11111010
In base 8, what is 16 + -2?
14
In base 7, what is -1 - -436?
435
In base 10, what is 6 - 223?
-217
In base 7, what is -3422 + -2?
-3424
In base 13, what is 1058 + 1?
1059
In base 16, what is 10 + 1b?
2b
In base 4, what is 10002 - -3?
10011
In base 9, what is -2288 + 5?
-2283
In base 8, what is 66 - 16?
50
In base 7, what is -215 - -3?
-212
In base 10, what is 1240 - 2?
1238
In base 5, what is -1234 - -2?
-1232
In base 16, what is 1f - -5?
24
In base 9, what is 476 + -1?
475
In base 7, what is -122 - -2?
-120
In base 14, what is -1 - -c?
b
In base 13, what is 1297 - 0?
1297
In base 7, what is 5 - -20?
25
In base 10, what is 5 - 3116?
-3111
In base 2, what is -100110010 + 100?
-100101110
In base 6, what is 10244 + 5?
10253
In base 6, what is -23 + 1?
-22
In base 8, what is 1 - -34?
35
In base 10, what is -825 + -2?
-827
In base 11, what is 144 - 153?
-a
In base 16, what is 2e - -1?
2f
In base 7, what is -156 + -4?
-163
In base 3, what is 20 + -2202?
-2112
In base 11, what is -5 + -109?
-113
In base 13, what is 137 - -3?
13a
In base 5, what is 1 + -11104?
-11103
In base 5, what is 232340 + -2?
232333
In base 2, what is -1110100010011 - 1?
-1110100010100
In base 13, what is 4b1c - -4?
4b23
In base 2, what is 1001001 - 10000?
111001
In base 13, what is 0 + -700?
-700
In base 7, what is -1 - 4600?
-4601
In base 10, what is 15 + -8?
7
In base 4, what is 20101 + 2?
20103
In base 15, what is 78ec - -5?
7902
In base 4, what is 3 - -1033?
1102
In base 10, what is 5 - -86?
91
In base 2, what is 1011101011 + 1?
1011101100
In base 9, what is 43 - 181?
-137
In base 16, what is -23 - -10?
-13
In base 8, what is -605 - -23?
-562
In base 7, what is -1060 - -5?
-1052
In base 14, what is 49 - -1?
4a
In base 5, what is -4144 + 0?
-4144
In base 9, what is 16 + -10?
6
In base 12, what is -806 - -2?
-804
In base 3, what is 12 - 1220220?
-1220201
In base 5, what is -1 + -302?
-303
In base 15, what is b9 - 25?
94
In base 15, what is -4 - 63?
-67
In base 8, what is 1 + 37?
40
In base 11, what is -1021 + 1?
-1020
In base 13, what is -34 + -2?
-36
In base 7, what is 3 + -315?
-312
In base 16, what is -241 + -1?
-242
In base 7, what is -133235 - 2?
-133240
In base 5, what is -2200 + 10?
-2140
In base 6, what is 12 + 35?
51
In base 2, what is 0 + -1001?
-1001
In base 9, what is 4 + 4404?
4408
In base 7, what is 5 - 314?
-306
In base 3, what is -10210222122 + 0?
-10210222122
In base 9, what is 18 - 35?
-16
In base 10, what is 1179 - 2?
1177
In base 10, what is -499 - 10?
-509
In base 11, what is -7 - -1?
-6
In base 15, what is -b2a + -1?
-b2b
In base 6, what is -1 - -1503?
1502
In base 6, what is 11 - -34?
45
In base 3, what is -2010 + -1212?
-10222
In base 5, what is -11 + -1243?
-1304
In base 3, what is 1001 - -111001?
112002
In base 14, what is -1 + -6d?
-70
In base 2, what is 1 + 1001000011?
1001000100
In base 9, what is -80 - 3?
-83
In base 3, what is -10220 - -110?
-10110
In base 2, what is -11 + 111011?
111000
In base 7, what is -10 - -203?
163
In base 3, what is -12120022 - 1?
-12120100
In base 2, what is 10110110 + -11?
10110011
In base 2, what is 11000 - -100?
11100
In base 14, what is 1 + 855?
856
In base 7, what is -2 - -1406?
1404
In base 15, what is 1 - 39?
-38
In base 12, what is -3 - 459?
-460
In base 14, what is -b72 + 5?
-b6b
In base 10, what is 833 + -3?
830
In base 4, what is 10 - -12?
22
In base 12, what is a + -237?
-229
In base 5, what is 133 + -44?
34
In base 9, what is -1 - -4326?
4325
In base 9, what is 5 - 25?
-20
In base 11, what is -7 + 2?
-5
In base 6, what is -15 + -3333?
-3352
In base 14, what is -4 - -cc?
c8
In base 9, what is -1 - -42?
41
In base 2, what is 1011001100 - -100?
1011010000
In base 9, what is -3 - 2553?
-2556
In base 12, what is -198 - -5?
-193
In base 15, what is -7 - -4ea?
4e3
In base 6, what is -1022 - -44?
-534
In base 8, what is 14242 - 5?
14235
In base 13, what is 11c9 + -5?
11c4
In base 11, what is 87 + 0?
87
In base 10, what is 14 + -1?
13
In base 2, what is -10 + -11001?
-11011
In base 16, what is 23 - -c?
2f
In base 16, what is 74 - -d?
81
In base 13, what is 3 - -12c3?
12c6
In base 11, what is 4 + -30a4?
-30a0
In base 14, what is 1 + 6a?
6b
In base 15, what is 6 + 4d?
54
In base 10, what is 121 + 14?
135
In base 15, what is 488b + -5?
4886
In base 14, what is 5 - -451?
456
In base 8, what is 6 + 4?
12
In base 6, what is 21 - -24?
45
In base 16, what is -b65 + 5?
-b60
In base 7, what is 2 - 25?
-23
In base 10, what is -2056 - -1?
-2055
In base 3, what is -1222202 - -12?
-1222120
In base 3, what is 20002 - 10?
12222
In base 16, what is -1126 - 1?
-1127
In base 5, what is -114 + -422?
-1041
In base 15, what is ba9 - -4?
bad
In base 10, what is -4 + 129?
125
In base 7, what is -13 - -2?
-11
In base 5, what is -14 - -12?
-2
In base 5, what is 44330 - 3?
44322
In base 15, what is -36e + 4?
-36a
In base 6, what is 2 + -1132?
-1130
In base 6, what is -2005 - 3?
-2012
In base 10, what is -5 + -856?
-861
In base 15, what is -1 + 3d6?
3d5
In base 4, what is 20 - 211011?
-210331
In base 6, what is -5 - -343?
334
In base 3, what is 1100 + -100?
1000
In base 3, what is -1022 + -10?
-1102
In base 12, what is -22 - 34b?
-371
In base 8, what is -4 - 7?
-13
In b